5381?
5381
List the prime factors of 2564.
2, 641
What are the prime factors of 2641?
19, 139
List the prime factors of 4236.
2, 3, 353
List the prime factors of 32621.
32621
What are the prime factors of 1599?
3, 13, 41
List the prime factors of 9180.
2, 3, 5, 17
List the prime factors of 17442.
2, 3, 17, 19
What are the prime factors of 11106?
2, 3, 617
What are the prime factors of 761?
761
List the prime factors of 6538.
2, 7, 467
List the prime factors of 6238.
2, 3119
List the prime factors of 10502.
2, 59, 89
List the prime factors of 789.
3, 263
What are the prime factors of 378?
2, 3, 7
What are the prime factors of 604?
2, 151
List the prime factors of 1419.
3, 11, 43
List the prime factors of 121346.
2, 17, 43, 83
List the prime factors of 979.
11, 89
List the prime factors of 3216.
2, 3, 67
List the prime factors of 288.
2, 3
List the prime factors of 2388.
2, 3, 199
What are the prime factors of 18930?
2, 3, 5, 631
List the prime factors of 6082.
2, 3041
What are the prime factors of 24184?
2, 3023
List the prime factors of 2973.
3, 991
What are the prime factors of 7525?
5, 7, 43
List the prime factors of 36876.
2, 3, 7, 439
What are the prime factors of 3167?
3167
List the prime factors of 7438.
2, 3719
What are the prime factors of 2653?
7, 379
List the prime factors of 7888.
2, 17, 29
What are the prime factors of 63?
3, 7
What are the prime factors of 39490?
2, 5, 11, 359
List the prime factors of 1357.
23, 59
List the prime factors of 51640.
2, 5, 1291
List the prime factors of 1849.
43
What are the prime factors of 8899?
11, 809
List the prime factors of 44481.
3, 14827
List the prime factors of 1775.
5, 71
What are the prime factors of 217?
7, 31
What are the prime factors of 324?
2, 3
List the prime factors of 122241.
3, 7, 5821
What are the prime factors of 66981?
3, 83, 269
List the prime factors of 406.
2, 7, 29
What are the prime factors of 50044?
2, 12511
What are the prime factors of 13783?
7, 11, 179
List the prime factors of 566.
2, 283
List the prime factors of 5687.
11, 47
List the prime factors of 39996.
2, 3, 11, 101
What are the prime factors of 2763?
3, 307
List the prime factors of 885.
3, 5, 59
What are the prime factors of 3123?
3, 347
List the prime factors of 1017.
3, 113
List the prime factors of 21169.
21169
List the prime factors of 13003.
13003
What are the prime factors of 9269?
13, 23, 31
List the prime factors of 567.
3, 7
What are the prime factors of 3194?
2, 1597
List the prime factors of 22005.
3, 5, 163
List the prime factors of 50722.
2, 7, 3623
What are the prime factors of 3951?
3, 439
List the prime factors of 13124.
2, 17, 193
List the prime factors of 5273.
5273
List the prime factors of 44861.
113, 397
List the prime factors of 1465.
5, 293
List the prime factors of 1937.
13, 149
What are the prime factors of 6232?
2, 19, 41
What are the prime factors of 1958?
2, 11, 89
What are the prime factors of 6966?
2, 3, 43
What are the prime factors of 1880?
2, 5, 47
List the prime factors of 8941.
8941
What are the prime factors of 2667?
3, 7, 127
What are the prime factors of 2268?
2, 3, 7
List the prime factors of 3968.
2, 31
List the prime factors of 4649.
4649
List the prime factors of 859.
859
What are the prime factors of 1509?
3, 503
List the prime factors of 3002.
2, 19, 79
List the prime factors of 45115.
5, 7, 1289
What are the prime factors of 460?
2, 5, 23
List the prime factors of 10802.
2, 11, 491
What are the prime factors of 3640?
2, 5, 7, 13
List the prime factors of 43464.
2, 3, 1811
What are the prime factors of 127847?
173, 739
What are the prime factors of 3279?
3, 1093
List the prime factors of 3810.
2, 3, 5, 127
What are the prime factors of 76574?
2, 38287
What are the prime factors of 667?
23, 29
List the prime factors of 26253.
3, 2917
What are the prime factors of 13168?
2, 823
List the prime factors of 2678.
2, 13, 103
List the prime factors of 632.
2, 79
List the prime factors of 26133.
3, 31, 281
What are the prime factors of 4463?
4463
What are the prime factors of 3915?
3, 5, 29
What are the prime factors of 2683?
2683
List the prime factors of 19266.
2, 3, 13, 19
List the prime factors of 2685.
3, 5, 179
List the prime factors of 5467.
7, 11, 71
What are the prime factors of 1091?
1091
What are the prime factors of 62680?
2, 5, 1567
What are the prime factors of 760?
2, 5, 19
List the prime factors of 11861.
29, 409
What are the prime factors of 25731?
3, 953
What are the prime factors of 232?
2, 29
List the prime factors of 160.
2, 5
What are the prime factors of 141109?
73, 1933
List the prime factors of 11281.
29, 389
List the prime factors of 1089.
3, 11
What are the prime factors of 20053?
11, 1823
List the prime factors of 17007.
3, 5669
List the prime factors of 1274.
2, 7, 13
What are the prime factors of 2172?
2, 3, 181
What are the prime factors of 70879?
70879
List the prime factors of 430.
2, 5, 43
List the prime factors of 2755.
5, 19, 29
List the prime factors of 2068.
2, 11, 47
What are the prime factors of 485?
5, 97
What are the prime factors of 20135?
5, 4027
What are the prime factors of 4280?
2, 5, 107
What are the prime factors of 2938?
2, 13, 113
What are the prime factors of 2795?
5, 13, 43
List the prime factors of 106795.
5, 13, 31, 53
List the prime factors of 146275.
5, 5851
List the prime factors of 9542.
2, 13, 367
What are the prime factors of 15961?
11, 1451
What are the prime factors of 21990?
2, 3, 5, 733
List the prime factors of 14333.
11, 1303
List the prime factors of 98069.
281, 349
List the prime factors of 63834.
2, 3, 10639
What are the prime factors of 5468?
2, 1367
List the prime factors of 4308.
2, 3, 359
What are the prime factors of 3316?
2, 829
What are the prime factors of 1209?
3, 13, 31
What are the prime factors of 2316?
2, 3, 193
List the prime factors of 9782.
2, 67, 73
What are the prime factors of 19269?
3, 2141
List the prime factors of 1319.
1319
What are the prime factors of 289?
17
List the prime factors of 13341.
3, 4447
List the prime factors of 18306.
2, 3, 113
What are the prime factors of 1823?
1823
List the prime factors of 584.
2, 73
What are the prime factors of 1686?
2, 3, 281
List the prime factors of 5367.
3, 1789
List the prime factors of 3285.
3, 5, 73
List the prime factors of 23855.
5, 13, 367
List the prime factors of 9077.
29, 313
List the prime factors of 4141.
41, 101
List the prime factors of 3613.
3613
What are the prime factors of 4260?
2, 3, 5, 71
What are the prime factors of 4891?
67, 73
List the prime factors of 34085.
5, 17, 401
What are the prime factors of 1691?
19, 89
List the prime factors of 1374.
2, 3, 229
List the prime factors of 41149.
41149
What are the prime factors of 39?
3, 13
List the prime factors of 18591.
3, 6197
What are the prime factors of 36736?
2, 7, 41
What are the prime factors of 21849?
3, 7283
What are the prime factors of 2253?
3, 751
What are the prime factors of 6995?
5, 1399
List the prime factors of 36391.
151, 241
What are the prime factors of 8646?
2, 3, 11, 131
List the prime factors of 3362.
2, 41
List the prime factors of 22676.
2, 5669
What are the prime factors of 5428?
2, 23, 59
List the prime factors of 317.
317
List the prime factors of 52926.
2, 3, 8821
What are the prime factors of 80794?
2, 7, 29, 199
What are the prime factors of 725?
5, 29
What are the prime factors of 669?
3, 223
List the prime factors of 184.
2, 23
What are the prime factors of 9904?
2, 619
List the prime factors of 42.
2, 3, 7
What are the prime factors of 101414?
2, 50707
What are the prime factors of 2602?
2, 1301
List the prime factors of 1436.
2, 359
List the prime factors of 613.
613
List the prime factors of 3342.
2, 3, 557
List the prime factors of 172.
2, 43
List the prime factors of 127624.
2, 7, 43, 53
List the prime factors of 2390.
2, 5, 239
What are the prime factors of 935?
5, 11, 17
List the prime factors of 72293.
13, 67, 83
What are the prime factors of 180699?
3, 29, 31, 67
What are the prime factors of 1310?
2, 5, 131
What are the prime factors of 1967?
7, 281
What are the prime factors of 2206?
2, 1103
What are the prime factors of 52?
2, 13
List the prime factors of 781.
11, 71
What are the prime factors of 280?
2, 5, 7
List the prime 